{"id":796,"date":"2022-09-28T09:09:51","date_gmt":"2022-09-28T09:09:51","guid":{"rendered":"https:\/\/quatuorarmingaud.com\/?page_id=796"},"modified":"2022-09-30T08:28:12","modified_gmt":"2022-09-30T08:28:12","slug":"quatuor","status":"publish","type":"page","link":"https:\/\/quatuorarmingaud.com\/?page_id=796","title":{"rendered":"Quatuor"},"content":{"rendered":"\t\t<div data-elementor-type=\"wp-page\" data-elementor-id=\"796\" class=\"elementor elementor-796\">\n\t\t\t\t\t\t\t\t\t<section class=\"elementor-section elementor-top-section elementor-element elementor-element-8ec7310 elementor-section-boxed elementor-section-height-default elementor-section-height-default\" data-id=\"8ec7310\" data-element_type=\"section\" data-settings=\"{&quot;background_background&quot;:&quot;classic&quot;}\">\n\t\t\t\t\t\t\t<div class=\"elementor-background-overlay\"><\/div>\n\t\t\t\t\t\t\t<div class=\"elementor-container elementor-column-gap-default\">\n\t\t\t\t\t<div class=\"elementor-column elementor-col-100 elementor-top-column elementor-element elementor-element-3fea42b\" data-id=\"3fea42b\" data-element_type=\"column\">\n\t\t\t<div class=\"elementor-widget-wrap elementor-element-populated\">\n\t\t\t\t\t\t\t\t<div class=\"elementor-element elementor-element-8adea9e elementor-widget elementor-widget-spacer\" data-id=\"8adea9e\" data-element_type=\"widget\" data-widget_type=\"spacer.default\">\n\t\t\t\t<div class=\"elementor-widget-container\">\n\t\t\t<style>\/*! elementor - v3.7.7 - 20-09-2022 *\/\n.elementor-column .elementor-spacer-inner{height:var(--spacer-size)}.e-container{--container-widget-width:100%}.e-container>.elementor-widget-spacer{width:var(--container-widget-width,var(--spacer-size));-ms-flex-item-align:stretch;align-self:stretch;-ms-flex-negative:0;flex-shrink:0}.e-container>.elementor-widget-spacer>.elementor-widget-container,.e-container>.elementor-widget-spacer>.elementor-widget-container>.elementor-spacer{height:100%}.e-container>.elementor-widget-spacer>.elementor-widget-container>.elementor-spacer>.elementor-spacer-inner{height:var(--container-widget-height,var(--spacer-size))}<\/style>\t\t<div class=\"elementor-spacer\">\n\t\t\t<div class=\"elementor-spacer-inner\"><\/div>\n\t\t<\/div>\n\t\t\t\t<\/div>\n\t\t\t\t<\/div>\n\t\t\t\t<div class=\"elementor-element elementor-element-1cdae5d elementor-widget elementor-widget-heading\" data-id=\"1cdae5d\" data-element_type=\"widget\" data-widget_type=\"heading.default\">\n\t\t\t\t<div class=\"elementor-widget-container\">\n\t\t\t<style>\/*! elementor - v3.7.7 - 20-09-2022 *\/\n.elementor-heading-title{padding:0;margin:0;line-height:1}.elementor-widget-heading .elementor-heading-title[class*=elementor-size-]>a{color:inherit;font-size:inherit;line-height:inherit}.elementor-widget-heading .elementor-heading-title.elementor-size-small{font-size:15px}.elementor-widget-heading .elementor-heading-title.elementor-size-medium{font-size:19px}.elementor-widget-heading .elementor-heading-title.elementor-size-large{font-size:29px}.elementor-widget-heading .elementor-heading-title.elementor-size-xl{font-size:39px}.elementor-widget-heading .elementor-heading-title.elementor-size-xxl{font-size:59px}<\/style><h2 class=\"elementor-heading-title elementor-size-large\">Biographie du quatuor<\/h2>\t\t<\/div>\n\t\t\t\t<\/div>\n\t\t\t\t<div class=\"elementor-element elementor-element-d38ef0e elementor-widget-divider--view-line elementor-widget elementor-widget-divider\" data-id=\"d38ef0e\" data-element_type=\"widget\" data-widget_type=\"divider.default\">\n\t\t\t\t<div class=\"elementor-widget-container\">\n\t\t\t<style>\/*! elementor - v3.7.7 - 20-09-2022 *\/\n.elementor-widget-divider{--divider-border-style:none;--divider-border-width:1px;--divider-color:#2c2c2c;--divider-icon-size:20px;--divider-element-spacing:10px;--divider-pattern-height:24px;--divider-pattern-size:20px;--divider-pattern-url:none;--divider-pattern-repeat:repeat-x}.elementor-widget-divider .elementor-divider{display:-webkit-box;display:-ms-flexbox;display:flex}.elementor-widget-divider .elementor-divider__text{font-size:15px;line-height:1;max-width:95%}.elementor-widget-divider .elementor-divider__element{margin:0 var(--divider-element-spacing);-ms-flex-negative:0;flex-shrink:0}.elementor-widget-divider .elementor-icon{font-size:var(--divider-icon-size)}.elementor-widget-divider .elementor-divider-separator{display:-webkit-box;display:-ms-flexbox;display:flex;margin:0;direction:ltr}.elementor-widget-divider--view-line_icon .elementor-divider-separator,.elementor-widget-divider--view-line_text .elementor-divider-separator{-webkit-box-align:center;-ms-flex-align:center;align-items:center}.elementor-widget-divider--view-line_icon .elementor-divider-separator:after,.elementor-widget-divider--view-line_icon .elementor-divider-separator:before,.elementor-widget-divider--view-line_text .elementor-divider-separator:after,.elementor-widget-divider--view-line_text .elementor-divider-separator:before{display:block;content:\"\";border-bottom:0;-webkit-box-flex:1;-ms-flex-positive:1;flex-grow:1;border-top:var(--divider-border-width) var(--divider-border-style) var(--divider-color)}.elementor-widget-divider--element-align-left .elementor-divider .elementor-divider-separator>.elementor-divider__svg:first-of-type{-webkit-box-flex:0;-ms-flex-positive:0;flex-grow:0;-ms-flex-negative:100;flex-shrink:100}.elementor-widget-divider--element-align-left .elementor-divider-separator:before{content:none}.elementor-widget-divider--element-align-left .elementor-divider__element{margin-left:0}.elementor-widget-divider--element-align-right .elementor-divider .elementor-divider-separator>.elementor-divider__svg:last-of-type{-webkit-box-flex:0;-ms-flex-positive:0;flex-grow:0;-ms-flex-negative:100;flex-shrink:100}.elementor-widget-divider--element-align-right .elementor-divider-separator:after{content:none}.elementor-widget-divider--element-align-right .elementor-divider__element{margin-right:0}.elementor-widget-divider:not(.elementor-widget-divider--view-line_text):not(.elementor-widget-divider--view-line_icon) .elementor-divider-separator{border-top:var(--divider-border-width) var(--divider-border-style) var(--divider-color)}.elementor-widget-divider--separator-type-pattern{--divider-border-style:none}.elementor-widget-divider--separator-type-pattern.elementor-widget-divider--view-line .elementor-divider-separator,.elementor-widget-divider--separator-type-pattern:not(.elementor-widget-divider--view-line) .elementor-divider-separator:after,.elementor-widget-divider--separator-type-pattern:not(.elementor-widget-divider--view-line) .elementor-divider-separator:before,.elementor-widget-divider--separator-type-pattern:not([class*=elementor-widget-divider--view]) .elementor-divider-separator{width:100%;min-height:var(--divider-pattern-height);-webkit-mask-size:var(--divider-pattern-size) 100%;mask-size:var(--divider-pattern-size) 100%;-webkit-mask-repeat:var(--divider-pattern-repeat);mask-repeat:var(--divider-pattern-repeat);background-color:var(--divider-color);-webkit-mask-image:var(--divider-pattern-url);mask-image:var(--divider-pattern-url)}.elementor-widget-divider--no-spacing{--divider-pattern-size:auto}.elementor-widget-divider--bg-round{--divider-pattern-repeat:round}.rtl .elementor-widget-divider .elementor-divider__text{direction:rtl}.e-container>.elementor-widget-divider{width:var(--container-widget-width,100%);--flex-grow:var(--container-widget-flex-grow,0)}<\/style>\t\t<div class=\"elementor-divider\">\n\t\t\t<span class=\"elementor-divider-separator\">\n\t\t\t\t\t\t<\/span>\n\t\t<\/div>\n\t\t\t\t<\/div>\n\t\t\t\t<\/div>\n\t\t\t\t<div class=\"elementor-element elementor-element-d0626bf elementor-widget elementor-widget-text-editor\" data-id=\"d0626bf\" data-element_type=\"widget\" data-widget_type=\"text-editor.default\">\n\t\t\t\t<div class=\"elementor-widget-container\">\n\t\t\t<style>\/*! elementor - v3.7.7 - 20-09-2022 *\/\n.elementor-widget-text-editor.elementor-drop-cap-view-stacked .elementor-drop-cap{background-color:#818a91;color:#fff}.elementor-widget-text-editor.elementor-drop-cap-view-framed .elementor-drop-cap{color:#818a91;border:3px solid;background-color:transparent}.elementor-widget-text-editor:not(.elementor-drop-cap-view-default) .elementor-drop-cap{margin-top:8px}.elementor-widget-text-editor:not(.elementor-drop-cap-view-default) .elementor-drop-cap-letter{width:1em;height:1em}.elementor-widget-text-editor .elementor-drop-cap{float:left;text-align:center;line-height:1;font-size:50px}.elementor-widget-text-editor .elementor-drop-cap-letter{display:inline-block}<\/style>\t\t\t\t<p>Le Quatuor Armingaud est n\u00e9 de la complicit\u00e9 de quatre musiciens dont l\u2019amiti\u00e9 a m\u00fbri de longues ann\u00e9es avant que les circonstances ne leur permettent finalement de se r\u00e9unir musicalement en formant un quatuor \u00e0 cordes.<\/p><p>L\u2019ensemble se nourrit de la diversit\u00e9 des parcours de chacun. Il forge son identit\u00e9 musicale en s\u2019appuyant sur des ann\u00e9es d\u2019exp\u00e9rience au sein d\u2019orchestres nationaux en Europe, en Asie et aux \u00c9tats Unis, ou d\u2019ensembles de musique de chambre laur\u00e9ats de nombreux concours internationaux. L\u2019enseignement re\u00e7u aupr\u00e8s des plus grands artistes de la discipline guide son approche esth\u00e9tique.<\/p><p>L\u2019ensemble a souhait\u00e9 trouver un nom refl\u00e9tant d\u2019une part son ancrage professionnel en Occitanie et Nouvelle Aquitaine, mais \u00e9galement la particularit\u00e9 instrumentale de ses membres : trois d\u2019entre eux, violonistes de formation, se r\u00e9partissent alternativement les r\u00f4les de violoniste ou d\u2019altiste dans le quatuor, au gr\u00e9 des \u0153uvres et de leurs envies.<\/p><p>Ainsi, Jules Armingaud, figure musicale de la musique de chambre au XIX\u00e8me si\u00e8cle, s\u2019est impos\u00e9 \u00e0 leurs yeux comme un parrain id\u00e9al. Natif de Bayonne, remarqu\u00e9 et adopt\u00e9 par la sc\u00e8ne musicale parisienne, Jules Armingaud fonde un quatuor portant son nom en 1855 au sein duquel \u00c9douard Lalo, autre c\u00e9l\u00e8bre violoniste et grand ami personnel, tient la partie d\u2019alto avant de prendre celle de second violon quelques ann\u00e9es plus tard. Ce premier quatuor Armingaud se distinguera de longues ann\u00e9es durant comme un ensemble incontournable parmi les soci\u00e9t\u00e9s de musique de chambre d&rsquo;alors, \u00e9tant notamment choisi par Clara Schumann, pianiste de renom, pour l\u2019accompagner lors de ses tourn\u00e9es parisiennes. L\u2019engagement de ses membres en faveur du grand r\u00e9pertoire germanique (Mendelssohn, Beethoven) et leur implication dans la mise en valeur du r\u00e9pertoire fran\u00e7ais de l\u2019\u00e9poque ont \u00e9t\u00e9 particuli\u00e8rement remarquables.<\/p><p>Ainsi, c\u2019est emprunts d\u2019humilit\u00e9 et de respect, qu&rsquo;en hommage \u00e0 ce brillant ensemble du XIX\u00e8me si\u00e8cle Fanny Spangaro, Jean-Louis Constant, Jean-Baptiste Jourdin et Tristan Liehr d\u00e9cident d\u2019adopter le nom de \u00ab Quatuor Armingaud \u00bb.<\/p>\t\t\t\t\t\t<\/div>\n\t\t\t\t<\/div>\n\t\t\t\t\t<\/div>\n\t\t<\/div>\n\t\t\t\t\t\t\t<\/div>\n\t\t<\/section>\n\t\t\t\t\t\t\t<\/div>\n\t\t","protected":false},"excerpt":{"rendered":"<p>Biographie du quatuor Le Quatuor Armingaud est n\u00e9 de la complicit\u00e9 de quatre musiciens dont l\u2019amiti\u00e9 a m\u00fbri de longues ann\u00e9es avant que les circonstances ne leur permettent finalement de se r\u00e9unir musicalement en formant un quatuor \u00e0 cordes. L\u2019ensemble se nourrit de la diversit\u00e9 des parcours de chacun. Il forge son identit\u00e9 musicale en &hellip;<\/p>\n<p class=\"read-more\"> <a class=\"\" href=\"https:\/\/quatuorarmingaud.com\/?page_id=796\"> <span class=\"screen-reader-text\">Quatuor<\/span> Lire la suite\u00a0\u00bb<\/a><\/p>\n","protected":false},"author":1,"featured_media":0,"parent":0,"menu_order":0,"comment_status":"closed","ping_status":"closed","template":"","meta":{"om_disable_all_campaigns":false,"_monsterinsights_skip_tracking":false,"_monsterinsights_sitenote_active":false,"_monsterinsights_sitenote_note":"","_monsterinsights_sitenote_category":0,"site-sidebar-layout":"no-sidebar","site-content-layout":"page-builder","ast-global-header-display":"","ast-main-header-display":"","ast-hfb-above-header-display":"","ast-hfb-below-header-display":"","ast-hfb-mobile-header-display":"","site-post-title":"disabled","ast-breadcrumbs-content":"","ast-featured-img":"disabled","footer-sml-layout":"","theme-transparent-header-meta":"","adv-header-id-meta":"","stick-header-meta":"","header-above-stick-meta":"","header-main-stick-meta":"","header-below-stick-meta":""},"aioseo_notices":[],"_links":{"self":[{"href":"https:\/\/quatuorarmingaud.com\/index.php?rest_route=\/wp\/v2\/pages\/796"}],"collection":[{"href":"https:\/\/quatuorarmingaud.com\/index.php?rest_route=\/wp\/v2\/pages"}],"about":[{"href":"https:\/\/quatuorarmingaud.com\/index.php?rest_route=\/wp\/v2\/types\/page"}],"author":[{"embeddable":true,"href":"https:\/\/quatuorarmingaud.com\/index.php?rest_route=\/wp\/v2\/users\/1"}],"replies":[{"embeddable":true,"href":"https:\/\/quatuorarmingaud.com\/index.php?rest_route=%2Fwp%2Fv2%2Fcomments&post=796"}],"version-history":[{"count":16,"href":"https:\/\/quatuorarmingaud.com\/index.php?rest_route=\/wp\/v2\/pages\/796\/revisions"}],"predecessor-version":[{"id":932,"href":"https:\/\/quatuorarmingaud.com\/index.php?rest_route=\/wp\/v2\/pages\/796\/revisions\/932"}],"wp:attachment":[{"href":"https:\/\/quatuorarmingaud.com\/index.php?rest_route=%2Fwp%2Fv2%2Fmedia&parent=796"}],"curies":[{"name":"wp","href":"https:\/\/api.w.org\/{rel}","templated":true}]}}